e first derivative of 2*d**3 - d**2/2 + 3. Suppose -3*j + 15 = -0*j. Let b be 2 - (6 - (-2 + j)). Give l(b).
7
Let d(o) be the third derivative of -25*o**4/24 + 4*o**2 + 50*o. Calculate d(-1).
25
Let i(x) = -20*x + 23. Let c(l) = -4. Let h(f) = 6*c(f) + i(f). Determine h(-1).
19
Let c(s) = s**3 - 5*s**2 + 3*s**2 + 3*s**2. Let b be c(-2). Let h(f) = 10*f**2 + 5. Let o(v) = 23*v**2 + 11. Let k(r) = -7*h(r) + 3*o(r). Calculate k(b).
-18
Suppose -j = 3*t + 25, -9*j = -2*t - 10*j - 18. Let y(i) = i**2 - 6. Give y(t).
43
Let r be ((-120)/(-3))/5 - 1. Suppose -36 + 8 = r*s. Let n(g) = -g + 1. What is n(s)?
5
Let i(x) = -1 - 4*x**2 + 6*x**2 + 4 - x**3 + x**2 - 5*x. Let f(q) = -q**2 - q - 1. Let c(n) = 2*f(n) - i(n). Let k(p) = 5*p. Let h be k(1). What is c(h)?
10
Suppose -2*w - 5*z - 1 = 0, 5*z + 0 = -5. Let b(x) = 24*x**w + 23*x**2 - 1 - 7*x - 39*x**2 - x**3 - 2. Determine b(7).
-3
Let l(a) be the second derivative of 3/2*a**2 + 3*a + 0 + 7/6*a**3 - 1/12*a**4. Suppose -i + 21 = 2*i. Calculate l(i).
3
Let s(v) be the second derivative of v**5/20 - v**4/3 - 4*v**3/3 + 2*v**2 + 33*v. What is s(5)?
-11
Let u(c) = c**3 + c**2 + c + 9. Let m be 0 - (-1)/(-4) - 40/(-160). What is u(m)?
9
Let q = 5 - -2. Let a(x) = -x**2 - 7*x - 3. Let t(j) = -3*j**2 - 22*j - 8. Let y(i) = q*a(i) - 2*t(i). What is y(-6)?
-11
Let b(j) = 521*j**2 + 2 - 261*j**2 - 248*j**2 + j. What is b(-1)?
13
Let h(s) = -2 + 6 + 4*s - 1. Suppose 3*q - 28 = -56*n + 54*n, -4*q = 3*n - 39. Determine h(q).
27
Let j(n) = 7*n**3 + 4*n - 5. Suppose -38 - 48 = -86*t. Determine j(t).
6
Let u(b) = -6*b**2 + 0*b**3 - 3 + 2*b**2 + b**3 - 5*b. Suppose -29 = -4*h + 3*n, 0 = 4*h - 4*n - 49 + 17. Give u(h).
-3
Let x = -7 + -4. Let a(y) = -2*y - 3. Let j(d) = -4*d + 1. Let r(o) = -13*o - 6. Let w(c) = -2*j(c) + r(c). Let g(m) = x*a(m) + 4*w(m). What is g(-3)?
-5
Let l(m) be the third derivative of -m**6/20 + m**5/60 + m**4/6 + 42*m**2. Let i(w) = -w**3 + w**2 + w + 1. Let v(y) = 5*i(y) - l(y). Determine v(-4).
1
Let c(h) be the first derivative of h**2 + h - 133. Give c(-4).
-7
Let d(l) = -19*l**3 + 2*l**2 + 3*l - 5. Let x(i) = 24*i**3 - i**2 - 3*i + 5. Let s(w) = 5*d(w) + 4*x(w). What is s(-5)?
5
Let c(x) = -1 + 3*x**2 + 8*x**3 + x + 4*x**3 - 4*x**2. What is c(1)?
11
Let r be (18/(-8))/((-3)/(-8)). Suppose 5*t = 2*t + 9, -2*d = -5*t - 11. Let v(o) = -o + 14 - d - 8. Calculate v(r).
-1
Suppose j = 4*c + 3, -3*j - c + 22 = -0*c. Let x = j - 11. Let n(m) be the second derivative of -m**4/12 - m**3/6 + 5*m**2/2 + 5*m - 17. What is n(x)?
-7
Let y = 795 - 781. Let g(o) = o**2 - 13*o - 9. Calculate g(y).
5
Let n(q) = -q**3 + 9*q**2 - 9*q + 9. Suppose -u + 3*u = 0. Let z = u + 8. What is n(z)?
1
Let k(i) = -2 - i - 9*i**2 + 1 + 3*i. Suppose 5*f + 3*r - 24 = 7*r, -3*f - 2*r = -10. Let h(g) = -g**2 + 3*g + 5. Let l be h(f). Calculate k(l).
-8
Let a(m) = -2*m**2 - 2*m + 3. Let i = 23 + -107. Let f = 81 + i. Give a(f).
-9
Let f(b) = -7*b**2 - 3*b + 6. Let a(c) = 15*c**2 + 7*c - 13. Let w(d) = 6*a(d) + 13*f(d). Suppose 5*l - 3*n - 23 = 0, -2*l - l + 16 = -4*n. Give w(l).
-4
Suppose 2*u = -82 + 64. Let p(r) = -r**3 - 8*r**2 + 14*r + 7. Calculate p(u).
-38
Let j(w) = -w**3 + 4*w**2 - 4*w + 1. Suppose 2*n + 3*y - 13 = 4*y, -5 = y. Let p be n/(-26) - (-75)/65. Let r be (3 + -5 + p)*-3. Calculate j(r).
-2
Let n(m) = -6*m**2 - 3*m + 1 - 9 + 5 - 7*m**3 + 4*m**2. What is n(-2)?
51
Let y = -44 + 74. Suppose -6*n - y = -0*n. Let p(i) be the third derivative of -i**5/60 - i**4/6 + i**3/6 + i**2. Give p(n).
-4
Let z(x) = -15*x + 55. Let g be z(4). Let t(i) = 10*i + 5. Determine t(g).
-45
Let p(s) = -16*s + 27. Let x(d) = -21*d + 28. Let j(m) = 4*p(m) - 3*x(m). Determine j(8).
16
Let r(c) be the first derivative of -c**2 - 3*c - 1. Suppose 3*l + 5*i + 1 = 0, 36*l + i = 33*l - 5. Give r(l).
1
Let o be (192/160)/((-4)/(-10)). Let b(g) be the third derivative of -1/6*g**o - 1/60*g**5 + 1/6*g**4 + 0 - g**2 + 0*g. Give b(4).
-1
Let l(s) = s**3 + 5*s**2 + 3*s + 2. Suppose -5*z - 84 + 289 = 0. Suppose -6 = -38*m + z*m. Give l(m).
8
Let d(t) = -t**3 + 4*t**2 - 3*t + 5. Let b be d(4). Let r(y) = 2*y + 4. Determine r(b).
-10
Let n(g) be the first derivative of -5*g**2/2 - 5*g + 45. Let x(h) = 60*h + 60. Let y(b) = -25*n(b) - 2*x(b). What is y(-6)?
-25
Suppose -3*o + 40 = 7*o. Let y(l) = 2*l - 3*l - 7 + o. Give y(-9).
6
Let a(p) = -p**2 - 7*p + 32. Let w be a(-6). Let x be (-76)/w - (0 + 0)*1. Let h(j) = -j + 5*j**2 - 3*j**2 + 0*j**2 - 2. Determine h(x).
8
Let w(n) = 161*n - 4344. Let q be w(27). Let l(x) be the third derivative of 1/3*x**3 - 2*x**2 + 0*x - 1/24*x**4 + 1/120*x**6 + 0 - 1/15*x**5. What is l(q)?
-10
Let x(j) = -30*j**3 + j**2 - 3. Let b(u) = -30*u**3 + 2*u**2 + u - 4. Let g(q) = -2*b(q) + 3*x(q). What is g(-1)?
30
Let d(x) be the second derivative of -x**4/6 - x**2 - 33*x. Let g = 15 - 17. What is d(g)?
-10
Let w(r) be the second derivative of r**6/120 - r**5/20 + r**4/12 - r**3/6 + 5*r**2 + 3*r. Let v(k) be the first derivative of w(k). What is v(3)?
5
Let l(u) = -u**3 + u**2 - u + 20. Suppose -2*h - 17 + 17 = 0. What is l(h)?
20
Let t = 31 + -30. Let p(b) = b - 4 + t + 1 - 2. Give p(6).
2
Let y(m) = m**3 - 15*m**2 - 3*m + 19. Let o be ((-4)/(-2) + 1)*5. What is y(o)?
-26
Let r(k) be the second derivative of -k**3/6 + 7*k**2 + 31*k. Give r(9).
5
Let u(b) = -b**3 - 7*b**2 - 5. Suppose i + 3*x + 24 = -i, -46 = 5*i + 4*x. Calculate u(i).
-41
Suppose a - 9 = 3. Suppose 3*v = -0 + a. Let x be (-4 + 3)*v + 6. Let z(y) = -y**2 + 2*y. Calculate z(x).
0
Let t be -7 + -6*3/(-6). Let h be t/14 + (-132)/(-21). Let k(i) = -i**3 + 7*i**2 - 7*i + 9. Give k(h).
3
Let v be (-30)/(-4)*(-64)/48. Let h(s) = s**2 + 9*s - 11. Determine h(v).
-1
Let p(h) = -h**2 + 9*h + 3. Let m be p(9). Suppose g + 2*g + l = 0, 5*g - 14 = m*l. Let s(y) = y + 2 - 3 + y**2 + 1 - 1. Give s(g).
1
Let u = 218 - 213. Let k(y) = -2*y - 8 - y + 4*y. Give k(u).
-3
Let x(o) = o**2 - 4*o - 3. Let w = 933 - 929. Calculate x(w).
-3
Let h(x) = x**2 - 23*x - 146. Let k be h(28). Let t(u) = -u**3 - 5*u**2 + 9*u + 4. Determine t(k).
-14
Suppose 0 = -2*q - 0*q. Suppose q = 2*f - 5*f. Let v(j) = -2*j**2 - 6*j + j**2 + f + 0 - 1. Calculate v(-6).
-1
Let l(f) = -f**2 + 4*f + 5. Let c(z) = z**3 + 26*z**2 + 31*z + 49. Let q be c(-25). Let j = 106 + q. Give l(j).
0
Let o(i) = 4*i**2 + 89 + 91 + 11*i - 176. Suppose -y + 4*q + 0*q = 6, -q = -y. Let z(j) = 2*j**2 + 5*j + 2. Let r(v) = y*o(v) - 5*z(v). Give r(-2).
-4
Let h(j) be the second derivative of -j**5/20 + j**4 + 2*j**3 + 4*j**2 + 229*j + 1. Calculate h(13).
-5
Let m(o) = -o + 5. Let t be m(7). Let d be 0*1/(-2)*t. Let k be 2 - (d/(-3) - -2). Let g(z) = -z - 5. Determine g(k).
-5
Let m(q) = -q + 3. Let n = 38 - 30. Let r be (-3 + n)/(20/16). Give m(r).
-1
Let c(p) = 10 - 3 - 66*p - 2*p**2 + 54*p. Calculate c(-7).
-7
Let n(x) = x**3 - 9*x**2 - 9*x - 4. Let q = 23 - 27. Let r be (-10)/q*(-3 + 5 + 2). What is n(r)?
6
Let t(o) = -125*o - 4. Let v be t(-2). Let x be ((-3)/(-9))/(2/v). Let k = x + -40. Let r(j) = -j**3 - 1. Give r(k).
-2
Let t(u) = u**2 + u + 7. Suppose 0 = -0*f + 17*f - 5*f. What is t(f)?
7
Let z(w) = w**3 - 28*w**2 - w + 25. Suppose a + 2*n - 26 = 0, -39*a + 2*n = -42*a + 82. Give z(a).
-3
Let p = -6 + 12. Let r(o) = o - o + 4 - o**2 + 3*o + 3*o. Determine r(p).
4
Let t(m) = 6 + 3 - 19 - 7*m + 5*m. Calculate t(-8).
6
Let l(x) = 11*x**3 - 1. Let u(h) = -h + 33. Let q be u(0). Let f = -34 + q. Calculate l(f).
-12
Let f = -36 + 47. Let r(g) = 7*g**2 - 3*g + 5. Let z(b) = 13*b**2 - 5*b + 9. Let u(i) = f*r(i) - 6*z(i). Calculate u(-4).
-3
Let r(a) = a**2 + 4*a - 3. Let k be (5/50*-5)/(2/24). Calculate r(k).
9
Let i(b) be the third derivative of -b**8/20160 - b**7/630 - 7*b**6/720 + b**5/10 + 9*b**2. Let u(s) be the third derivative of i(s). Give u(-5).
8
Let a(s) = 37*s - 1. Suppose -3*t + t = -3*l - 11, 4*t - 19 = 5*l. Determine a(t).
36
Let k(l) be the first derivative of -l**3/3 + 7*l**2/2 - 8*l + 2. Calculate k(4).
4
Suppose -4*x + 8 = -0. Let f(c) = -5 - x*c**3 + 5*c + 5*c**3 + 5*c**2 - 4*c**3 + 7. Let h = -2 - -8. Give f(h).
-4
Let j(u) be the third derivative of -u**5/60 + u**4/24 + u**3/6 - 27*u**2 - 7. Suppose 3*k + 3 = -6. What is j(k)?
-11
Let t(j) be the first derivative of -j**4/4 + 8*j**3/3 + j**2 - 7*j - 2. 